 1187. What is c(-46)?
-9
Let d(f) = 2*f**3 + 35*f**2 + 59*f + 708. Give d(-17).
-6
Let s(r) = 4*r**3 - 2*r**2 - 11*r + 34. Calculate s(4).
214
Let t(m) = -16*m - 605. Calculate t(-31).
-109
Let y(a) = a**2 + 562*a - 2832. Give y(5).
3
Let f(q) = 21580*q + 64745. Give f(-3).
5
Let i(f) = f**3 + 130*f**2 + 1517*f - 449. Give i(-117).
19
Let l(u) = -2*u**3 - 32*u**2 + 70*u + 39. Give l(-18).
75
Let v(y) = -5*y**3 + 94*y**2 - 65*y - 115. What is v(18)?
11
Let p(q) = -251*q + 29. Determine p(2).
-473
Let x(h) = 116*h - 866. What is x(8)?
62
Let i(f) = -98*f + 11458. Give i(117).
-8
Let q(d) = d**3 + 35*d**2 + 319*d + 291. Calculate q(-19).
6
Let v(i) = -15*i + 75. Calculate v(3).
30
Let v(l) = -19056*l + 57154. What is v(3)?
-14
Let a(s) = s**3 + 26*s**2 + 4*s - 494. Calculate a(-25).
31
Let h(b) = 14*b - 308. Calculate h(14).
-112
Let r(q) = 6*q**2 + 147*q + 51. Calculate r(-24).
-21
Let r(p) = -22*p - 2. What is r(-5)?
108
Let f(a) = 2*a**3 + 91*a**2 - 14*a + 106. Calculate f(-46).
-1366
Let u(c) = -731*c - 639. Calculate u(-1).
92
Let b(r) = -2*r**2 + 40*r - 100. Give b(3).
2
Let r(t) = -296*t + 2129. Determine r(6).
353
Let m(c) = -6*c**2 + 42*c + 705. Calculate m(-8).
-15
Let y(p) = 3026*p + 15126. Give y(-5).
-4
Let p(n) = 222*n**2 - 1989*n - 70. Determine p(9).
11
Let b(g) = 19*g**3 + 4*g + 6. What is b(-2)?
-154
Let i(c) = 8*c + 56. Determine i(8).
120
Let o(v) = -v**2 + 10*v + 23. Give o(-10).
-177
Let a(s) = -5*s**3 - 4*s**2 + 6*s - 67. Determine a(-7).
1410
Let z(r) = -51*r - 165. Calculate z(-4).
39
Let f(s) = -731*s - 14634. Determine f(-20).
-14
Let j(r) = 2*r**2 - 2*r + 1. What is j(-1)?
5
Let d(t) = -t**3 - 26*t**2 - 117*t - 51. Give d(-20).
-111
Let c(s) = 1289*s + 3855. Calculate c(-3).
-12
Let a(m) = -m**2 - 52*m - 583. What is a(-31)?
68
Let a(v) = v**3 - 79*v**2 + 12. Give a(79).
12
Let z(w) = -12*w**3 - 46*w**2 + 3*w - 11. Calculate z(-4).
9
Let p(c) = -c**2 - 66*c - 327. Determine p(-6).
33
Let w(f) = f**3 - 64*f**2 - 123*f - 592. Determine w(66).
2
Let w(p) = 2*p**2 - 12*p + 4. Give w(1).
-6
Let j(a) = -a**3 + 29*a**2 - 24*a + 35. What is j(28)?
147
Let d(l) = 5*l + 145. What is d(-17)?
60
Let k(h) = 31*h + 1151. Determine k(-49).
-368
Let i(b) = b**3 - 48*b**2 - 96*b - 200. Determine i(50).
0
Let d(l) = -2*l**3 + 29*l**2 + 18*l + 11. What is d(15)?
56
Let v(l) = -l**3 + 97*l**2 + 1313*l - 542. Determine v(109).
3
Let r(j) = -18*j**2 + 90*j - 68. What is r(4)?
4
Let z(j) = 29*j - 305. What is z(11)?
14
Let l(f) = 5*f + 18. Determine l(-3).
3
Let f(z) = -z**3 - 115*z**2 - 1503*z - 310. What is f(-100)?
-10
Let p(y) = 7*y**2 + 432*y - 869. What is p(2)?
23
Let b(m) = 3*m**3 + 19*m + 17. Determine b(-1).
-5
Let l(r) = r**3 - 97*r**2 - 189*r - 911. Determine l(99).
-20
Let u(m) = -2*m**2 + 49*m - 187. Determine u(4).
-23
Let o(a) = 334*a - 7664. Determine o(23).
18
Let y(q) = -q**3 - 23*q**2 - 32*q - 220. Calculate y(-22).
0
Let s(q) = -q**2 - 133*q + 2422. Give s(16).
38
Let r(h) = -h**2 + 317*h - 18016. What is r(74)?
-34
Let i(a) = -a**3 - 3*a**2 + a + 251. Determine i(0).
251
Let f(v) = v**2 + 221*v + 2891. Determine f(-14).
-7
Let p(r) = -3*r**3 + 48*r**2 + 2*r - 30. Give p(16).
2
Let b(n) = n**3 + 22*n**2 + 14*n - 468. What is b(-20)?
52
Let g(n) = -2*n**3 - 55*n**2 + 8*n - 564. Determine g(-28).
-4
Let m(i) = i**3 - 43*i**2 - 138*i + 1. Determine m(46).
1
Let q(m) = -297*m + 345. What is q(2)?
-249
Let d(h) = 12*h**3 + 9*h**2 - 11*h - 12. Determine d(-1).
-4
Let o(q) = q**2 - 18*q + 561. Calculate o(0).
561
Let m(a) = -a**2 + 3191*a - 135361. Determine m(43).
3
Let t(y) = 9406*y + 37620. Calculate t(-4).
-4
Let h(r) = -r**3 + 37*r**2 + 126*r + 4. What is h(-3)?
-14
Let x(k) = 5*k**2 - 44*k + 72. Give x(6).
-12
Let n(r) = r**3 + r**2 - 15*r - 40. What is n(-6)?
-130
Let b(q) = -2*q**3 - 4*q**2 + q - 59. Calculate b(0).
-59
Let w(n) = 20*n**3 + 8*n**2 - 14*n + 34. Determine w(3).
604
Let p(x) = 2*x**3 - 6*x**2 - 16*x - 12. Determine p(6).
108
Let k(g) = g**2 + 2*g + 54. What is k(18)?
414
Let v(l) = -l**2 + 34*l - 135. Give v(29).
10
Let a(o) = 2*o**3 - 53*o**2 + 23*o + 61. What is a(26)?
-17
Let s(t) = 9*t - 4. What is s(-12)?
-112
Let r(i) = 2*i**2 + 45*i - 16. Calculate r(-25).
109
Let l(q) = 493*q - 636. Calculate l(1).
-143
Let p(n) = -12*n - 270. Determine p(-16).
-78
Let d(o) = 21*o + 794. What is d(-38)?
-4
Let z(q) = -q**3 - 4*q**2 + 28*q - 1. Calculate z(-8).
31
Let a(j) = 5*j - 79. Determine a(-7).
-114
Let d(m) = 242*m - 496. Calculate d(2).
-12
Let m(y) = y**2 + 108*y + 191. Give m(-2).
-21
Let t(x) = x**3 - 70*x**2 + 3*x - 300. What is t(70)?
-90
Let w(a) = -a**3 + 38*a**2 - 76*a + 2895. Determine w(38).
7
Let h(m) = -m**3 - 75*m**2 + 3418*m + 199. Give h(32).
7
Let d(m) = 115*m + 1758. Calculate d(-15).
33
Let q(y) = 62*y**3 + 2*y**2 + 50*y - 52. Determine q(1).
62
Let l(x) = -17*x**2 + 8*x + 203. What is l(4)?
-37
Let v(c) = -328*c + 1942. What is v(6)?
-26
Let l(s) = -67*s + 796. Give l(12).
-8
Let q(d) = 6*d**2 - 153*d - 29. Calculate q(26).
49
Let o(h) = 79*h + 110. What is o(-2)?
-48
Let z(a) = -3*a**3 + 4*a**2 + 20*a - 7. What is z(-4)?
169
Let m(g) = 161*g - 6284. Calculate m(39).
-5
Let f(r) = -117*r**2 - 186*r + 93. Calculate f(-2).
-3
Let d(w) = 55*w - 1796. Determine d(33).
19
Let f(t) = 213*t + 71. Give f(-1).
-142
Let d(r) = 3*r**2 - 108*r - 63. Calculate d(36).
-63
Let z(s) = 26439*s - 211518. Calculate z(8).
-6
Let o(s) = -s - 52. What is o(-22)?
-30
Let b(c) = -c**3 - 5*c**2 + 122*c + 22. Give b(9).
-14
Let n(a) = -4*a**2 + 17*a - 9. Calculate n(3).
6
Let m(i) = -32*i**2 + 227*i + 1. Calculate m(7).
22
Let u(z) = -158*z**2 - 6*z - 7. What is u(-1)?
-159
Let l(k) = -413*k - 2056. Calculate l(-5).
9
Let u(f) = -f**2 + 234*f - 5401. Calculate u(208).
7
Let z(b) = -b**2 + 34*b + 105. Determine z(-13).
-506
Let i(z) = 5*z**2 + 2*z + 26. What is i(7)?
285
Let g(k) = -35*k - 5. Give g(7).
-250
Let d(q) = -q**2 + 71*q + 726. Calculate d(-9).
6
Let a(n) = -n**3 - 245*n**2 + 311*n + 16011. What is a(-246)?
21
Let p(b) = 78*b - 1785. Give p(23).
9
Let v(u) = -8*u**2 + 23*u - 8. Calculate v(4).
-44
Let r(b) = 2*b**2 - 58*b + 355. Give r(19).
-25
Let o(s) = -s**3 + s**2 + 10*s + 19. What is o(-3)?
25
Let m(q) = -q**2 + 383*q - 31984. What is m(123)?
-4
Let v(t) = -61*t - 327. Give v(-5).
-22
Let q(l) = -98*l - 6361. What is q(-65)?
9
Let k(m) = -m**3 + 8*m**2 + 65*m + 81. Calculate k(13).
81
Let b(d) = d**3 + 13*d**2 - 5*d - 13. What is b(-13)?
52
Let s(g) = -3*g**3 + 9*g**2 + 91*g - 265. Determine s(6).
-43
Let s(w) = w**3 - 54*w**2 + 3*w - 175. Calculate s(54).
-13
Let u(t) = -4*t**2 - 487*t - 2240. Calculate u(-117).
-17
Let q(t) = 93*t - 73. Determine q(2).
113
Let f(l) = -190*l + 1434. Calculate f(6).
294
Let q(y) = -16*y + 1153. What is q(72)?
1
Let q(z) = 1669*z - 6693. Calculate q(4).
-17
Let b(r) = -2*r**3 + 52*r**2 - 278*r - 77. Calculate b(8).
3
Let a(p) = p**2 - 103*p - 311. Determine a(-3).
7
Let q(n) = 733*n - 7917. Calculate q(11).
146
Let l(w) = 62*w + 4759. Give l(-77).
-15
Let o(d) = -39*d + 147. Determine o(9).
-204
Let c(j) = -j**3 - 158*j**2 + 342*j + 3501. Calculate c(-160).
-19
Let y(d) = -d**2 + 99*d - 1599. Calculate y(79).
-19
Let b(p) = 2*p**3 + 6*p**2 + 18. What is b(-6)?
-198
Let f(k) = 148*k**2 + 25*k + 23. Calculate f(-1).
146
Let r(k) = -k**3 + 81*k**2 - 1247*k - 256. Determine r(21).
17
Let t(w) = 4313*w + 4308. Calculate t(-1).
-5
Let t(z) = -z**3 - 404*z**2 - 7308*z + 135. Determine t(-19).
2
Let b(a) = -3710*a - 3699. Calculate b(-1).
11
Let k(c) = 2*c**3 - 141*c - 417. Calculate k(-3).
-48
Let d(c) = -2*c**3 + 19*c**2 + 17*c - 46. Calculate d(10).
24
Let x(p) = p**3 + 13*p**2 - 30*p + 6. Give x(-16).
-282
Let w(x) = -x**2 - 9884*x + 39552. Determine w(4).
0
Let m(y) = 205*y - 8. Determine m(0).
-8
Let l(q) = -9103*q - 27303. Determine l(-3).
6
Let n(c) = -2*c**2 + 12*c + 84. Calculate n(10).
4
Let k(x) = -x**3 - 43*x**2 - 193*x - 79. What is k(-38)?
35
Let b(p) = 14*p**2 + 25*p + 8. Determine b(-3).
59
Let u(n) = -28*n - 479. Calculate u(-18).
25
Let o(d) = 6*d**2 - 34*d - 6. Determine o(6).
6
Let c(f) = -1013*f + 5069. Determine c(5).
4
Let l(z) = -236*z + 2352. Give l(10).
-8
Let m(h) = h**2 - 32*h - 162. Determine m(38).
66
Let p(c) = -c**2 - 32*c + 795. Give p